1343144243.
7, 67, 409121
List the prime factors of 295665766.
2, 11, 149, 90197
What are the prime factors of 1870134251?
1870134251
What are the prime factors of 722661896?
2, 11, 8212067
List the prime factors of 95992095.
3, 5, 47, 2897
List the prime factors of 555472663.
31, 17918473
List the prime factors of 120560871.
3, 19, 23, 91961
What are the prime factors of 4854894649?
11, 19, 23229161
List the prime factors of 200133720.
2, 3, 5, 185309
List the prime factors of 24069712.
2, 1151, 1307
What are the prime factors of 5806521?
3, 7, 37, 47, 53
List the prime factors of 2039523818.
2, 67, 15220327
List the prime factors of 305764591.
11, 107, 259783
What are the prime factors of 406292964?
2, 3, 7, 11, 167, 2633
What are the prime factors of 48259455?
3, 5, 3217297
What are the prime factors of 28787564?
2, 13, 553607
List the prime factors of 362503518.
2, 3, 13, 823, 5647
List the prime factors of 7948890.
2, 3, 5, 88321
What are the prime factors of 80448092?
2, 20112023
What are the prime factors of 33481912?
2, 41, 102079
What are the prime factors of 146584014?
2, 3, 23, 1062203
List the prime factors of 430543146.
2, 3, 11, 6523381
What are the prime factors of 351523346?
2, 175761673
List the prime factors of 109281713.
109281713
What are the prime factors of 44331926?
2, 22165963
What are the prime factors of 980088200?
2, 5, 7, 13, 157
List the prime factors of 4408126842.
2, 3, 7, 10177, 10313
What are the prime factors of 125332820?
2, 5, 113, 55457
List the prime factors of 815850998.
2, 407925499
What are the prime factors of 3006124305?
3, 5, 41, 73, 66959
List the prime factors of 312471398.
2, 156235699
List the prime factors of 794022324.
2, 3, 47, 1407841
List the prime factors of 1360688796.
2, 3, 67, 564133
What are the prime factors of 289092371?
8297, 34843
List the prime factors of 18279503.
11, 23, 72251
What are the prime factors of 131841281?
11, 13, 41, 113, 199
What are the prime factors of 39488094?
2, 3, 731261
What are the prime factors of 5901413377?
29, 5189, 39217
What are the prime factors of 205895527?
71, 83, 34939
List the prime factors of 66160180.
2, 5, 859, 3851
List the prime factors of 114404084.
2, 17, 1682413
What are the prime factors of 3945852127?
7, 563693161
What are the prime factors of 162837298?
2, 13, 6262973
List the prime factors of 4209342901.
4209342901
What are the prime factors of 837655164?
2, 3, 23268199
What are the prime factors of 10715040?
2, 3, 5, 7, 1063
List the prime factors of 223691046.
2, 3, 4733, 7877
What are the prime factors of 57190767?
3, 127, 150107
List the prime factors of 775641512.
2, 23, 4215443
What are the prime factors of 387889978?
2, 7, 19, 208319
What are the prime factors of 803637212?
2, 7, 29, 977, 1013
What are the prime factors of 374250188?
2, 13, 7197119
List the prime factors of 4797836174.
2, 137, 17510351
List the prime factors of 25098413.
25098413
List the prime factors of 68931373.
7, 19, 41, 12641
List the prime factors of 1485165933.
3, 97, 139, 12239
List the prime factors of 1033767076.
2, 17, 821, 18517
List the prime factors of 4675099181.
31, 150809651
List the prime factors of 820978561.
13, 113, 558869
List the prime factors of 594569145.
3, 5, 5861, 6763
List the prime factors of 3797213884.
2, 949303471
List the prime factors of 70979171.
70979171
What are the prime factors of 48343749?
3, 16114583
What are the prime factors of 8480357128?
2, 61, 17377781
List the prime factors of 110445641.
1627, 67883
What are the prime factors of 122222050?
2, 5, 2444441
List the prime factors of 107085070.
2, 5, 2137, 5011
What are the prime factors of 15014468?
2, 7, 17, 31543
What are the prime factors of 771675613?
771675613
What are the prime factors of 209791484?
2, 7, 7492553
List the prime factors of 46413409.
7, 19, 18367
List the prime factors of 88279838.
2, 71, 311, 1999
List the prime factors of 475856245.
5, 439, 216791
List the prime factors of 57732631.
11, 5248421
List the prime factors of 979897247.
7, 109, 271, 677
List the prime factors of 421894904.
2, 97, 543679
List the prime factors of 40881762.
2, 3, 53, 42853
List the prime factors of 1489786829.
269, 5538241
What are the prime factors of 2763346608?
2, 3, 11, 379, 4603
What are the prime factors of 2565652668?
2, 3, 23, 37, 277, 907
What are the prime factors of 277201855?
5, 7, 7920053
List the prime factors of 176344623.
3, 7, 13, 215317
List the prime factors of 50140672.
2, 97931
What are the prime factors of 468562445?
5, 13, 7208653
What are the prime factors of 86411765?
5, 11, 17, 92419
List the prime factors of 262750421.
262750421
List the prime factors of 809525042.
2, 4073, 99377
List the prime factors of 289907808.
2, 3, 3019873
What are the prime factors of 126095883?
3, 311, 135151
List the prime factors of 2879427.
3, 959809
List the prime factors of 35441581.
7, 83, 61001
What are the prime factors of 502461846?
2, 3, 9304849
What are the prime factors of 106445238?
2, 3, 751, 23623
List the prime factors of 394824381.
3, 7, 89, 151, 1399
List the prime factors of 205814477.
11, 18710407
List the prime factors of 108099170.
2, 5, 19, 31, 18353
List the prime factors of 18558770.
2, 5, 31, 131, 457
What are the prime factors of 320403226?
2, 11, 13, 1120291
What are the prime factors of 65917872?
2, 3, 113, 4051
What are the prime factors of 27224524?
2, 71, 257, 373
What are the prime factors of 493506548?
2, 123376637
List the prime factors of 1838391566.
2, 11, 263, 317731
What are the prime factors of 313871796?
2, 3, 7, 509, 2447
What are the prime factors of 4734813987?
3, 2837, 61813
List the prime factors of 1472897480.
2, 5, 19, 37, 52379
What are the prime factors of 203998708?
2, 17, 43, 69767
What are the prime factors of 178028090?
2, 5, 37, 481157
List the prime factors of 3151983207.
3, 19, 5273, 10487
List the prime factors of 53373863.
17, 3139639
List the prime factors of 26190317.
79, 331523
What are the prime factors of 38859283?
6007, 6469
List the prime factors of 931817525.
5, 43, 107, 8101
What are the prime factors of 3473054042?
2, 19, 3911, 23369
What are the prime factors of 200771802?
2, 3, 7, 11, 17, 8521
What are the prime factors of 257370721?
113, 2277617
List the prime factors of 436067235.
3, 5, 23, 31, 13591
List the prime factors of 100479107.
100479107
What are the prime factors of 3455407025?
5, 7, 19745183
What are the prime factors of 23423562?
2, 3, 43, 53, 571
What are the prime factors of 566842530?
2, 3, 5, 18894751
What are the prime factors of 3721681988?
2, 930420497
What are the prime factors of 4048359571?
43, 139, 677323
List the prime factors of 23096831.
839, 27529
What are the prime factors of 298549396?
2, 1033, 72253
What are the prime factors of 12602956?
2, 43, 47, 1559
What are the prime factors of 4635303281?
7, 662186183
List the prime factors of 78316767.
3, 2900621
What are the prime factors of 1853431470?
2, 3, 5, 11, 29, 797
What are the prime factors of 250390636?
2, 62597659
What are the prime factors of 12512630?
2, 5, 13, 29, 3319
What are the prime factors of 43449782?
2, 21724891
List the prime factors of 2177708656.
2, 191, 712601
What are the prime factors of 921108788?
2, 29, 41, 293, 661
List the prime factors of 48640288.
2, 1520009
What are the prime factors of 4276262078?
2, 11, 31, 1489, 4211
List the prime factors of 399916017.
3, 37, 1200949
What are the prime factors of 241364311?
8419, 28669
What are the prime factors of 1046453610?
2, 3, 5, 37, 401, 2351
List the prime factors of 109606238.
2, 7, 67, 16693
List the prime factors of 788287929.
3, 11, 13, 167, 11003
What are the prime factors of 1297952005?
5, 7, 37084343
List the prime factors of 513453267.
3, 191, 298693
What are the prime factors of 13128605?
5, 7, 375103
What are the prime factors of 135976020?
2, 3, 5, 2266267
List the prime factors of 491217873.
3, 17, 9631723
List the prime factors of 449299986.
2, 3, 23, 59, 139, 397
What are the prime factors of 3804138919?
7, 97, 5602561
List the prime factors of 99173313.
3, 11019257
List the prime factors of 57144071.
4817, 11863
List the prime factors of 12840975.
3, 5, 7, 31, 263
List the prime factors of 888702673.
67, 13264219
List the pr